{"version":"1.0","provider_name":"NETBAKIS","provider_url":"https:\/\/netbakis.net\/tr","title":"IMF Ba\u015fkan\u0131 Georgieva'dan G20'ye 'karbon fiyat taban\u0131 belirlemeleri' \u00e7a\u011fr\u0131s\u0131 - NETBAKIS","type":"rich","width":600,"height":338,"html":"<blockquote class=\"wp-embedded-content\" data-secret=\"SPL9ptudGQ\"><a href=\"https:\/\/netbakis.net\/tr\/4819\/\">IMF Ba\u015fkan\u0131 Georgieva&#8217;dan G20&#8217;ye &#8216;karbon fiyat taban\u0131 belirlemeleri&#8217; \u00e7a\u011fr\u0131s\u0131<\/a><\/blockquote><iframe sandbox=\"allow-scripts\" security=\"restricted\" src=\"https:\/\/netbakis.net\/tr\/4819\/embed\/#?secret=SPL9ptudGQ\" width=\"600\" height=\"338\" title=\"&#8220;IMF Ba\u015fkan\u0131 Georgieva&#8217;dan G20&#8217;ye &#8216;karbon fiyat taban\u0131 belirlemeleri&#8217; \u00e7a\u011fr\u0131s\u0131&#8221; &#8212; NETBAKIS\" data-secret=\"SPL9ptudGQ\" frameborder=\"0\" marginwidth=\"0\" marginheight=\"0\" scrolling=\"no\" class=\"wp-embedded-content\"><\/iframe><script type=\"text\/javascript\">\n\/* <![CDATA[ *\/\n\/*! This file is auto-generated *\/\n!function(d,l){\"use strict\";l.querySelector&&d.addEventListener&&\"undefined\"!=typeof URL&&(d.wp=d.wp||{},d.wp.receiveEmbedMessage||(d.wp.receiveEmbedMessage=function(e){var t=e.data;if((t||t.secret||t.message||t.value)&&!\/[^a-zA-Z0-9]\/.test(t.secret)){for(var s,r,n,a=l.querySelectorAll('iframe[data-secret=\"'+t.secret+'\"]'),o=l.querySelectorAll('blockquote[data-secret=\"'+t.secret+'\"]'),c=new RegExp(\"^https?:$\",\"i\"),i=0;i<o.length;i++)o[i].style.display=\"none\";for(i=0;i<a.length;i++)s=a[i],e.source===s.contentWindow&&(s.removeAttribute(\"style\"),\"height\"===t.message?(1e3<(r=parseInt(t.value,10))?r=1e3:~~r<200&&(r=200),s.height=r):\"link\"===t.message&&(r=new URL(s.getAttribute(\"src\")),n=new URL(t.value),c.test(n.protocol))&&n.host===r.host&&l.activeElement===s&&(d.top.location.href=t.value))}},d.addEventListener(\"message\",d.wp.receiveEmbedMessage,!1),l.addEventListener(\"DOMContentLoaded\",function(){for(var e,t,s=l.querySelectorAll(\"iframe.wp-embedded-content\"),r=0;r<s.length;r++)(t=(e=s[r]).getAttribute(\"data-secret\"))||(t=Math.random().toString(36).substring(2,12),e.src+=\"#?secret=\"+t,e.setAttribute(\"data-secret\",t)),e.contentWindow.postMessage({message:\"ready\",secret:t},\"*\")},!1)))}(window,document);\n\/\/# sourceURL=https:\/\/netbakis.net\/wp-includes\/js\/wp-embed.min.js\n\/* ]]> *\/\n<\/script>","thumbnail_url":"https:\/\/netbakis.net\/wp-content\/uploads\/2021\/04\/thumbs_b_c_99f38fe124cfa02a33de53fcbae604aa.jpg","thumbnail_width":864,"thumbnail_height":486,"description":"Uluslararas\u0131 Para Fonu Ba\u015fkan\u0131 Kristalina Georgieva, iklim de\u011fi\u015fikli\u011fiyle m\u00fccadelede sa\u011flam karbon fiyatland\u0131rmas\u0131n\u0131n gerekli oldu\u011funu belirterek, G20 \u00fclkelerine uluslararas\u0131 karbon fiyat taban\u0131 belirleme \u00e7a\u011fr\u0131s\u0131nda bulundu. ABD&#8217;nin ev sahipli\u011finde 40 \u00fclke liderinin kat\u0131ld\u0131\u011f\u0131 sanal \u0130klim Zirvesi&#8217;nde konu\u015fan Georgieva, IMF olarak iklim de\u011fi\u015fikli\u011fine makroekonomik ve finansal istikrar ile b\u00fcy\u00fcme ve istihdam konular\u0131ndaki \u00e7al\u0131\u015fmalar\u0131n merkezi olarak bakt\u0131klar\u0131n\u0131 s\u00f6yledi. Georgieva, [&hellip;]"}

IMF Başkanı Georgieva'dan G20'ye 'karbon fiyat tabanı belirlemeleri' çağrısı - NETBAKIS

<blockquote class="wp-embedded-content" data-secret="SPL9ptudGQ"><a href="https://netbakis.net/tr/4819/">IMF Başkanı Georgieva&#8217;dan G20&#8217;ye &#8216;karbon fiyat tabanı belirlemeleri&#8217; çağrısı</a></blockquote><iframe sandbox="allow-scripts" security="restricted" src="https://netbakis.net/tr/4819/embed/#?secret=SPL9ptudGQ" width="600" height="338" title="&#8220;IMF Başkanı Georgieva&#8217;dan G20&#8217;ye &#8216;karbon fiyat tabanı belirlemeleri&#8217; çağrısı&#8221; &#8212; NETBAKIS" data-secret="SPL9ptudGQ" frameborder="0" marginwidth="0" marginheight="0" scrolling="no" class="wp-embedded-content"></iframe><script type="text/javascript">
/* <![CDATA[ */
/*! This file is auto-generated */
!function(d,l){"use strict";l.querySelector&&d.addEventListener&&"undefined"!=typeof URL&&(d.wp=d.wp||{},d.wp.receiveEmbedMessage||(d.wp.receiveEmbedMessage=function(e){var t=e.data;if((t||t.secret||t.message||t.value)&&!/[^a-zA-Z0-9]/.test(t.secret)){for(var s,r,n,a=l.querySelectorAll('iframe[data-secret="'+t.secret+'"]'),o=l.querySelectorAll('blockquote[data-secret="'+t.secret+'"]'),c=new RegExp("^https?:$","i"),i=0;i<o.length;i++)o[i].style.display="none";for(i=0;i<a.length;i++)s=a[i],e.source===s.contentWindow&&(s.removeAttribute("style"),"height"===t.message?(1e3<(r=parseInt(t.value,10))?r=1e3:~~r<200&&(r=200),s.height=r):"link"===t.message&&(r=new URL(s.getAttribute("src")),n=new URL(t.value),c.test(n.protocol))&&n.host===r.host&&l.activeElement===s&&(d.top.location.href=t.value))}},d.addEventListener("message",d.wp.receiveEmbedMessage,!1),l.addEventListener("DOMContentLoaded",function(){for(var e,t,s=l.querySelectorAll("iframe.wp-embedded-content"),r=0;r<s.length;r++)(t=(e=s[r]).getAttribute("data-secret"))||(t=Math.random().toString(36).substring(2,12),e.src+="#?secret="+t,e.setAttribute("data-secret",t)),e.contentWindow.postMessage({message:"ready",secret:t},"*")},!1)))}(window,document);
//# sourceURL=https://netbakis.net/wp-includes/js/wp-embed.min.js
/* ]]> */
</script>

Uluslararası Para Fonu Başkanı Kristalina Georgieva, iklim değişikliğiyle mücadelede sağlam karbon fiyatlandırmasının gerekli olduğunu belirterek, G20 ülkelerine uluslararası karbon fiyat tabanı belirleme çağrısında bulundu. ABD&#8217;nin ev sahipliğinde 40 ülke liderinin katıldığı sanal İklim Zirvesi&#8217;nde konuşan Georgieva, IMF olarak iklim değişikliğine makroekonomik ve finansal istikrar ile büyüme ve istihdam konularındaki çalışmaların merkezi olarak baktıklarını söyledi. Georgieva, [&hellip;]
