{"version":"1.0","provider_name":"NETBAKIS","provider_url":"https:\/\/netbakis.net\/tr","title":"Cumhurba\u015fkan\u0131 Erdo\u011fan: Y\u00fcce Meclisimiz milli iradenin tecelligah\u0131 olarak ilelebet varl\u0131\u011f\u0131n\u0131 s\u00fcrd\u00fcrecek - NETBAKIS","type":"rich","width":600,"height":338,"html":"<blockquote class=\"wp-embedded-content\" data-secret=\"8X0cxkJU2E\"><a href=\"https:\/\/netbakis.net\/tr\/4812\/\">Cumhurba\u015fkan\u0131 Erdo\u011fan: Y\u00fcce Meclisimiz milli iradenin tecelligah\u0131 olarak ilelebet varl\u0131\u011f\u0131n\u0131 s\u00fcrd\u00fcrecek<\/a><\/blockquote><iframe sandbox=\"allow-scripts\" security=\"restricted\" src=\"https:\/\/netbakis.net\/tr\/4812\/embed\/#?secret=8X0cxkJU2E\" width=\"600\" height=\"338\" title=\"&#8220;Cumhurba\u015fkan\u0131 Erdo\u011fan: Y\u00fcce Meclisimiz milli iradenin tecelligah\u0131 olarak ilelebet varl\u0131\u011f\u0131n\u0131 s\u00fcrd\u00fcrecek&#8221; &#8212; NETBAKIS\" data-secret=\"8X0cxkJU2E\" frameborder=\"0\" marginwidth=\"0\" marginheight=\"0\" scrolling=\"no\" class=\"wp-embedded-content\"><\/iframe><script type=\"text\/javascript\">\n\/* <![CDATA[ *\/\n\/*! This file is auto-generated *\/\n!function(d,l){\"use strict\";l.querySelector&&d.addEventListener&&\"undefined\"!=typeof URL&&(d.wp=d.wp||{},d.wp.receiveEmbedMessage||(d.wp.receiveEmbedMessage=function(e){var t=e.data;if((t||t.secret||t.message||t.value)&&!\/[^a-zA-Z0-9]\/.test(t.secret)){for(var s,r,n,a=l.querySelectorAll('iframe[data-secret=\"'+t.secret+'\"]'),o=l.querySelectorAll('blockquote[data-secret=\"'+t.secret+'\"]'),c=new RegExp(\"^https?:$\",\"i\"),i=0;i<o.length;i++)o[i].style.display=\"none\";for(i=0;i<a.length;i++)s=a[i],e.source===s.contentWindow&&(s.removeAttribute(\"style\"),\"height\"===t.message?(1e3<(r=parseInt(t.value,10))?r=1e3:~~r<200&&(r=200),s.height=r):\"link\"===t.message&&(r=new URL(s.getAttribute(\"src\")),n=new URL(t.value),c.test(n.protocol))&&n.host===r.host&&l.activeElement===s&&(d.top.location.href=t.value))}},d.addEventListener(\"message\",d.wp.receiveEmbedMessage,!1),l.addEventListener(\"DOMContentLoaded\",function(){for(var e,t,s=l.querySelectorAll(\"iframe.wp-embedded-content\"),r=0;r<s.length;r++)(t=(e=s[r]).getAttribute(\"data-secret\"))||(t=Math.random().toString(36).substring(2,12),e.src+=\"#?secret=\"+t,e.setAttribute(\"data-secret\",t)),e.contentWindow.postMessage({message:\"ready\",secret:t},\"*\")},!1)))}(window,document);\n\/\/# sourceURL=https:\/\/netbakis.net\/wp-includes\/js\/wp-embed.min.js\n\/* ]]> *\/\n<\/script>","thumbnail_url":"https:\/\/netbakis.net\/wp-content\/uploads\/2021\/04\/thumbs_b_c_a52cfdc060b3ba6bb85173f9ec249498.jpg","thumbnail_width":864,"thumbnail_height":486,"description":"Cumhurba\u015fkan\u0131 Erdo\u011fan, 23 Nisan Ulusal Egemenlik ve \u00c7ocuk Bayram\u0131 dolay\u0131s\u0131yla mesaj yay\u0131mlad\u0131. Cumhurba\u015fkan\u0131 Recep Tayyip Erdo\u011fan, &#8220;Darbe, cunta, vesayet giri\u015fimleri ve ter\u00f6r sald\u0131r\u0131lar\u0131na maruz kalan, son olarak da 15 Temmuz 2016&#8217;da hain FET\u00d6&#8217;c\u00fcler taraf\u0131ndan bombalanan y\u00fcce Meclisimiz, milli iradenin tecelligah\u0131 olarak ilelebet varl\u0131\u011f\u0131n\u0131 s\u00fcrd\u00fcrmeye devam edecektir.&#8221; ifadelerini kulland\u0131. Erdo\u011fan,&nbsp;23 Nisan Ulusal Egemenlik ve \u00c7ocuk Bayram\u0131&nbsp;dolay\u0131s\u0131yla [&hellip;]"}

Cumhurbaşkanı Erdoğan: Yüce Meclisimiz milli iradenin tecelligahı olarak ilelebet varlığını sürdürecek - NETBAKIS

<blockquote class="wp-embedded-content" data-secret="8X0cxkJU2E"><a href="https://netbakis.net/tr/4812/">Cumhurbaşkanı Erdoğan: Yüce Meclisimiz milli iradenin tecelligahı olarak ilelebet varlığını sürdürecek</a></blockquote><iframe sandbox="allow-scripts" security="restricted" src="https://netbakis.net/tr/4812/embed/#?secret=8X0cxkJU2E" width="600" height="338" title="&#8220;Cumhurbaşkanı Erdoğan: Yüce Meclisimiz milli iradenin tecelligahı olarak ilelebet varlığını sürdürecek&#8221; &#8212; NETBAKIS" data-secret="8X0cxkJU2E" frameborder="0" marginwidth="0" marginheight="0" scrolling="no" class="wp-embedded-content"></iframe><script type="text/javascript">
/* <![CDATA[ */
/*! This file is auto-generated */
!function(d,l){"use strict";l.querySelector&&d.addEventListener&&"undefined"!=typeof URL&&(d.wp=d.wp||{},d.wp.receiveEmbedMessage||(d.wp.receiveEmbedMessage=function(e){var t=e.data;if((t||t.secret||t.message||t.value)&&!/[^a-zA-Z0-9]/.test(t.secret)){for(var s,r,n,a=l.querySelectorAll('iframe[data-secret="'+t.secret+'"]'),o=l.querySelectorAll('blockquote[data-secret="'+t.secret+'"]'),c=new RegExp("^https?:$","i"),i=0;i<o.length;i++)o[i].style.display="none";for(i=0;i<a.length;i++)s=a[i],e.source===s.contentWindow&&(s.removeAttribute("style"),"height"===t.message?(1e3<(r=parseInt(t.value,10))?r=1e3:~~r<200&&(r=200),s.height=r):"link"===t.message&&(r=new URL(s.getAttribute("src")),n=new URL(t.value),c.test(n.protocol))&&n.host===r.host&&l.activeElement===s&&(d.top.location.href=t.value))}},d.addEventListener("message",d.wp.receiveEmbedMessage,!1),l.addEventListener("DOMContentLoaded",function(){for(var e,t,s=l.querySelectorAll("iframe.wp-embedded-content"),r=0;r<s.length;r++)(t=(e=s[r]).getAttribute("data-secret"))||(t=Math.random().toString(36).substring(2,12),e.src+="#?secret="+t,e.setAttribute("data-secret",t)),e.contentWindow.postMessage({message:"ready",secret:t},"*")},!1)))}(window,document);
//# sourceURL=https://netbakis.net/wp-includes/js/wp-embed.min.js
/* ]]> */
</script>

Cumhurbaşkanı Erdoğan, 23 Nisan Ulusal Egemenlik ve Çocuk Bayramı dolayısıyla mesaj yayımladı. Cumhurbaşkanı Recep Tayyip Erdoğan, &#8220;Darbe, cunta, vesayet girişimleri ve terör saldırılarına maruz kalan, son olarak da 15 Temmuz 2016&#8217;da hain FETÖ&#8217;cüler tarafından bombalanan yüce Meclisimiz, milli iradenin tecelligahı olarak ilelebet varlığını sürdürmeye devam edecektir.&#8221; ifadelerini kullandı. Erdoğan,&nbsp;23 Nisan Ulusal Egemenlik ve Çocuk Bayramı&nbsp;dolayısıyla [&hellip;]
