{"version":"1.0","provider_name":"NETBAKIS","provider_url":"https:\/\/netbakis.net\/tr","title":"Aktivist Thunberg, \u0130sve\u00e7 bas\u0131n\u0131na \u0130srail'de hakaret ve tekmelerle g\u00f6rd\u00fc\u011f\u00fc k\u00f6t\u00fc muameleyi anlatt\u0131 - NETBAKIS","type":"rich","width":600,"height":338,"html":"<blockquote class=\"wp-embedded-content\" data-secret=\"gsDyLqCPOS\"><a href=\"https:\/\/netbakis.net\/tr\/32564\/\">Aktivist Thunberg, \u0130sve\u00e7 bas\u0131n\u0131na \u0130srail&#8217;de hakaret ve tekmelerle g\u00f6rd\u00fc\u011f\u00fc k\u00f6t\u00fc muameleyi anlatt\u0131<\/a><\/blockquote><iframe sandbox=\"allow-scripts\" security=\"restricted\" src=\"https:\/\/netbakis.net\/tr\/32564\/embed\/#?secret=gsDyLqCPOS\" width=\"600\" height=\"338\" title=\"&#8220;Aktivist Thunberg, \u0130sve\u00e7 bas\u0131n\u0131na \u0130srail&#8217;de hakaret ve tekmelerle g\u00f6rd\u00fc\u011f\u00fc k\u00f6t\u00fc muameleyi anlatt\u0131&#8221; &#8212; NETBAKIS\" data-secret=\"gsDyLqCPOS\" frameborder=\"0\" marginwidth=\"0\" marginheight=\"0\" scrolling=\"no\" class=\"wp-embedded-content\"><\/iframe><script type=\"text\/javascript\">\n\/* <![CDATA[ *\/\n\/*! This file is auto-generated *\/\n!function(d,l){\"use strict\";l.querySelector&&d.addEventListener&&\"undefined\"!=typeof URL&&(d.wp=d.wp||{},d.wp.receiveEmbedMessage||(d.wp.receiveEmbedMessage=function(e){var t=e.data;if((t||t.secret||t.message||t.value)&&!\/[^a-zA-Z0-9]\/.test(t.secret)){for(var s,r,n,a=l.querySelectorAll('iframe[data-secret=\"'+t.secret+'\"]'),o=l.querySelectorAll('blockquote[data-secret=\"'+t.secret+'\"]'),c=new RegExp(\"^https?:$\",\"i\"),i=0;i<o.length;i++)o[i].style.display=\"none\";for(i=0;i<a.length;i++)s=a[i],e.source===s.contentWindow&&(s.removeAttribute(\"style\"),\"height\"===t.message?(1e3<(r=parseInt(t.value,10))?r=1e3:~~r<200&&(r=200),s.height=r):\"link\"===t.message&&(r=new URL(s.getAttribute(\"src\")),n=new URL(t.value),c.test(n.protocol))&&n.host===r.host&&l.activeElement===s&&(d.top.location.href=t.value))}},d.addEventListener(\"message\",d.wp.receiveEmbedMessage,!1),l.addEventListener(\"DOMContentLoaded\",function(){for(var e,t,s=l.querySelectorAll(\"iframe.wp-embedded-content\"),r=0;r<s.length;r++)(t=(e=s[r]).getAttribute(\"data-secret\"))||(t=Math.random().toString(36).substring(2,12),e.src+=\"#?secret=\"+t,e.setAttribute(\"data-secret\",t)),e.contentWindow.postMessage({message:\"ready\",secret:t},\"*\")},!1)))}(window,document);\n\/\/# sourceURL=https:\/\/netbakis.net\/wp-includes\/js\/wp-embed.min.js\n\/* ]]> *\/\n<\/script>","thumbnail_url":"https:\/\/netbakis.net\/wp-content\/uploads\/2025\/10\/thumbs_b_c_637172a8e0f330a01e4e7ccb8a935b52.jpg","thumbnail_width":864,"thumbnail_height":486,"description":"\u0130sve\u00e7li \u00e7evre aktivisti Greta Thunberg, \u0130srail&#8217;de hapishanede kald\u0131klar\u0131 s\u00fcrece su verilmedi\u011fini, k\u00fcf\u00fcrlere ve tekmelere maruz kald\u0131klar\u0131n\u0131 ve hapiste zehirli gaz verilerek \u00f6ld\u00fcr\u00fclmekle tehdit edildiklerini s\u00f6yledi.Gazze \u015eeridi&#8217;ne insani yard\u0131m ula\u015ft\u0131rmak isterken \u0130srail ordusunun sald\u0131r\u0131s\u0131na u\u011frayan K\u00fcresel Sumud Filosu&#8217;nda al\u0131konulan \u0130sve\u00e7li \u00e7evre aktivisti Thunberg&#8217;in, \u0130srail hapishanesinde ya\u015fad\u0131klar\u0131n\u0131, \u00fclkesinin Aftonbladet gazetesine anlatt\u0131. \u0130srail hapishanelerinde yarg\u0131lamadan tutulan binlerce Filistinli [&hellip;]"}

Aktivist Thunberg, İsveç basınına İsrail'de hakaret ve tekmelerle gördüğü kötü muameleyi anlattı - NETBAKIS

<blockquote class="wp-embedded-content" data-secret="gsDyLqCPOS"><a href="https://netbakis.net/tr/32564/">Aktivist Thunberg, İsveç basınına İsrail&#8217;de hakaret ve tekmelerle gördüğü kötü muameleyi anlattı</a></blockquote><iframe sandbox="allow-scripts" security="restricted" src="https://netbakis.net/tr/32564/embed/#?secret=gsDyLqCPOS" width="600" height="338" title="&#8220;Aktivist Thunberg, İsveç basınına İsrail&#8217;de hakaret ve tekmelerle gördüğü kötü muameleyi anlattı&#8221; &#8212; NETBAKIS" data-secret="gsDyLqCPOS" frameborder="0" marginwidth="0" marginheight="0" scrolling="no" class="wp-embedded-content"></iframe><script type="text/javascript">
/* <![CDATA[ */
/*! This file is auto-generated */
!function(d,l){"use strict";l.querySelector&&d.addEventListener&&"undefined"!=typeof URL&&(d.wp=d.wp||{},d.wp.receiveEmbedMessage||(d.wp.receiveEmbedMessage=function(e){var t=e.data;if((t||t.secret||t.message||t.value)&&!/[^a-zA-Z0-9]/.test(t.secret)){for(var s,r,n,a=l.querySelectorAll('iframe[data-secret="'+t.secret+'"]'),o=l.querySelectorAll('blockquote[data-secret="'+t.secret+'"]'),c=new RegExp("^https?:$","i"),i=0;i<o.length;i++)o[i].style.display="none";for(i=0;i<a.length;i++)s=a[i],e.source===s.contentWindow&&(s.removeAttribute("style"),"height"===t.message?(1e3<(r=parseInt(t.value,10))?r=1e3:~~r<200&&(r=200),s.height=r):"link"===t.message&&(r=new URL(s.getAttribute("src")),n=new URL(t.value),c.test(n.protocol))&&n.host===r.host&&l.activeElement===s&&(d.top.location.href=t.value))}},d.addEventListener("message",d.wp.receiveEmbedMessage,!1),l.addEventListener("DOMContentLoaded",function(){for(var e,t,s=l.querySelectorAll("iframe.wp-embedded-content"),r=0;r<s.length;r++)(t=(e=s[r]).getAttribute("data-secret"))||(t=Math.random().toString(36).substring(2,12),e.src+="#?secret="+t,e.setAttribute("data-secret",t)),e.contentWindow.postMessage({message:"ready",secret:t},"*")},!1)))}(window,document);
//# sourceURL=https://netbakis.net/wp-includes/js/wp-embed.min.js
/* ]]> */
</script>

İsveçli çevre aktivisti Greta Thunberg, İsrail&#8217;de hapishanede kaldıkları sürece su verilmediğini, küfürlere ve tekmelere maruz kaldıklarını ve hapiste zehirli gaz verilerek öldürülmekle tehdit edildiklerini söyledi.Gazze Şeridi&#8217;ne insani yardım ulaştırmak isterken İsrail ordusunun saldırısına uğrayan Küresel Sumud Filosu&#8217;nda alıkonulan İsveçli çevre aktivisti Thunberg&#8217;in, İsrail hapishanesinde yaşadıklarını, ülkesinin Aftonbladet gazetesine anlattı. İsrail hapishanelerinde yargılamadan tutulan binlerce Filistinli [&hellip;]
