{"version":"1.0","provider_name":"NETBAKIS","provider_url":"https:\/\/netbakis.net\/tr","title":"19 May\u0131s Atat\u00fcrk\u2019\u00fc Anma, Gen\u00e7lik ve Spor Bayram\u0131 t\u00f6renler ve etkinliklerle kutlan\u0131yor - NETBAKIS","type":"rich","width":600,"height":338,"html":"<blockquote class=\"wp-embedded-content\" data-secret=\"FSWO0WqKJE\"><a href=\"https:\/\/netbakis.net\/tr\/27249\/\">19 May\u0131s Atat\u00fcrk\u2019\u00fc Anma, Gen\u00e7lik ve Spor Bayram\u0131 t\u00f6renler ve etkinliklerle kutlan\u0131yor<\/a><\/blockquote><iframe sandbox=\"allow-scripts\" security=\"restricted\" src=\"https:\/\/netbakis.net\/tr\/27249\/embed\/#?secret=FSWO0WqKJE\" width=\"600\" height=\"338\" title=\"&#8220;19 May\u0131s Atat\u00fcrk\u2019\u00fc Anma, Gen\u00e7lik ve Spor Bayram\u0131 t\u00f6renler ve etkinliklerle kutlan\u0131yor&#8221; &#8212; NETBAKIS\" data-secret=\"FSWO0WqKJE\" frameborder=\"0\" marginwidth=\"0\" marginheight=\"0\" scrolling=\"no\" class=\"wp-embedded-content\"><\/iframe><script type=\"text\/javascript\">\n\/* <![CDATA[ *\/\n\/*! This file is auto-generated *\/\n!function(d,l){\"use strict\";l.querySelector&&d.addEventListener&&\"undefined\"!=typeof URL&&(d.wp=d.wp||{},d.wp.receiveEmbedMessage||(d.wp.receiveEmbedMessage=function(e){var t=e.data;if((t||t.secret||t.message||t.value)&&!\/[^a-zA-Z0-9]\/.test(t.secret)){for(var s,r,n,a=l.querySelectorAll('iframe[data-secret=\"'+t.secret+'\"]'),o=l.querySelectorAll('blockquote[data-secret=\"'+t.secret+'\"]'),c=new RegExp(\"^https?:$\",\"i\"),i=0;i<o.length;i++)o[i].style.display=\"none\";for(i=0;i<a.length;i++)s=a[i],e.source===s.contentWindow&&(s.removeAttribute(\"style\"),\"height\"===t.message?(1e3<(r=parseInt(t.value,10))?r=1e3:~~r<200&&(r=200),s.height=r):\"link\"===t.message&&(r=new URL(s.getAttribute(\"src\")),n=new URL(t.value),c.test(n.protocol))&&n.host===r.host&&l.activeElement===s&&(d.top.location.href=t.value))}},d.addEventListener(\"message\",d.wp.receiveEmbedMessage,!1),l.addEventListener(\"DOMContentLoaded\",function(){for(var e,t,s=l.querySelectorAll(\"iframe.wp-embedded-content\"),r=0;r<s.length;r++)(t=(e=s[r]).getAttribute(\"data-secret\"))||(t=Math.random().toString(36).substring(2,12),e.src+=\"#?secret=\"+t,e.setAttribute(\"data-secret\",t)),e.contentWindow.postMessage({message:\"ready\",secret:t},\"*\")},!1)))}(window,document);\n\/\/# sourceURL=https:\/\/netbakis.net\/wp-includes\/js\/wp-embed.min.js\n\/* ]]> *\/\n<\/script>","thumbnail_url":"https:\/\/netbakis.net\/wp-content\/uploads\/2025\/05\/v2yeniproje51_1747207404.webp","thumbnail_width":971,"thumbnail_height":551,"description":"19 May\u0131s Atat\u00fcrk\u2019\u00fc Anma, Gen\u00e7lik ve Spor Bayram\u0131, \u00fclke genelinde d\u00fczenlenen t\u00f6ren ve etkinliklerle kutlan\u0131yor; kortej y\u00fcr\u00fcy\u00fc\u015flerinden spor turnuvalar\u0131na, \u015fiir dinletilerinden resmi ziyaretlere kadar bir\u00e7ok etkinlik hafta boyunca s\u00fcrecek. Ulu \u00d6nder Mustafa Kemal Atat\u00fcrk\u2019\u00fcn Samsun\u2019a \u00e7\u0131karak ba\u015flatt\u0131\u011f\u0131 kurtulu\u015f m\u00fccadelesinin 106. y\u0131l\u0131 ile 19 May\u0131s Atat\u00fcrk\u2019\u00fc Anma, Gen\u00e7lik ve Spor Bayram\u0131, \u00fclke genelinde d\u00fczenlenen etkinlik ve [&hellip;]"}

19 Mayıs Atatürk’ü Anma, Gençlik ve Spor Bayramı törenler ve etkinliklerle kutlanıyor - NETBAKIS

<blockquote class="wp-embedded-content" data-secret="FSWO0WqKJE"><a href="https://netbakis.net/tr/27249/">19 Mayıs Atatürk’ü Anma, Gençlik ve Spor Bayramı törenler ve etkinliklerle kutlanıyor</a></blockquote><iframe sandbox="allow-scripts" security="restricted" src="https://netbakis.net/tr/27249/embed/#?secret=FSWO0WqKJE" width="600" height="338" title="&#8220;19 Mayıs Atatürk’ü Anma, Gençlik ve Spor Bayramı törenler ve etkinliklerle kutlanıyor&#8221; &#8212; NETBAKIS" data-secret="FSWO0WqKJE" frameborder="0" marginwidth="0" marginheight="0" scrolling="no" class="wp-embedded-content"></iframe><script type="text/javascript">
/* <![CDATA[ */
/*! This file is auto-generated */
!function(d,l){"use strict";l.querySelector&&d.addEventListener&&"undefined"!=typeof URL&&(d.wp=d.wp||{},d.wp.receiveEmbedMessage||(d.wp.receiveEmbedMessage=function(e){var t=e.data;if((t||t.secret||t.message||t.value)&&!/[^a-zA-Z0-9]/.test(t.secret)){for(var s,r,n,a=l.querySelectorAll('iframe[data-secret="'+t.secret+'"]'),o=l.querySelectorAll('blockquote[data-secret="'+t.secret+'"]'),c=new RegExp("^https?:$","i"),i=0;i<o.length;i++)o[i].style.display="none";for(i=0;i<a.length;i++)s=a[i],e.source===s.contentWindow&&(s.removeAttribute("style"),"height"===t.message?(1e3<(r=parseInt(t.value,10))?r=1e3:~~r<200&&(r=200),s.height=r):"link"===t.message&&(r=new URL(s.getAttribute("src")),n=new URL(t.value),c.test(n.protocol))&&n.host===r.host&&l.activeElement===s&&(d.top.location.href=t.value))}},d.addEventListener("message",d.wp.receiveEmbedMessage,!1),l.addEventListener("DOMContentLoaded",function(){for(var e,t,s=l.querySelectorAll("iframe.wp-embedded-content"),r=0;r<s.length;r++)(t=(e=s[r]).getAttribute("data-secret"))||(t=Math.random().toString(36).substring(2,12),e.src+="#?secret="+t,e.setAttribute("data-secret",t)),e.contentWindow.postMessage({message:"ready",secret:t},"*")},!1)))}(window,document);
//# sourceURL=https://netbakis.net/wp-includes/js/wp-embed.min.js
/* ]]> */
</script>

19 Mayıs Atatürk’ü Anma, Gençlik ve Spor Bayramı, ülke genelinde düzenlenen tören ve etkinliklerle kutlanıyor; kortej yürüyüşlerinden spor turnuvalarına, şiir dinletilerinden resmi ziyaretlere kadar birçok etkinlik hafta boyunca sürecek. Ulu Önder Mustafa Kemal Atatürk’ün Samsun’a çıkarak başlattığı kurtuluş mücadelesinin 106. yılı ile 19 Mayıs Atatürk’ü Anma, Gençlik ve Spor Bayramı, ülke genelinde düzenlenen etkinlik ve [&hellip;]
