{"version":"1.0","provider_name":"NETBAKIS","provider_url":"https:\/\/netbakis.net\/tr","title":"Arda G\u00fcler, Real Madrid'in ABD'de kat\u0131laca\u011f\u0131 turnuvan\u0131n kadrosuna al\u0131nd\u0131 - NETBAKIS","type":"rich","width":600,"height":338,"html":"<blockquote class=\"wp-embedded-content\" data-secret=\"faTUrjau57\"><a href=\"https:\/\/netbakis.net\/tr\/14974\/\">Arda G\u00fcler, Real Madrid&#8217;in ABD&#8217;de kat\u0131laca\u011f\u0131 turnuvan\u0131n kadrosuna al\u0131nd\u0131<\/a><\/blockquote><iframe sandbox=\"allow-scripts\" security=\"restricted\" src=\"https:\/\/netbakis.net\/tr\/14974\/embed\/#?secret=faTUrjau57\" width=\"600\" height=\"338\" title=\"&#8220;Arda G\u00fcler, Real Madrid&#8217;in ABD&#8217;de kat\u0131laca\u011f\u0131 turnuvan\u0131n kadrosuna al\u0131nd\u0131&#8221; &#8212; NETBAKIS\" data-secret=\"faTUrjau57\" frameborder=\"0\" marginwidth=\"0\" marginheight=\"0\" scrolling=\"no\" class=\"wp-embedded-content\"><\/iframe><script type=\"text\/javascript\">\n\/* <![CDATA[ *\/\n\/*! This file is auto-generated *\/\n!function(d,l){\"use strict\";l.querySelector&&d.addEventListener&&\"undefined\"!=typeof URL&&(d.wp=d.wp||{},d.wp.receiveEmbedMessage||(d.wp.receiveEmbedMessage=function(e){var t=e.data;if((t||t.secret||t.message||t.value)&&!\/[^a-zA-Z0-9]\/.test(t.secret)){for(var s,r,n,a=l.querySelectorAll('iframe[data-secret=\"'+t.secret+'\"]'),o=l.querySelectorAll('blockquote[data-secret=\"'+t.secret+'\"]'),c=new RegExp(\"^https?:$\",\"i\"),i=0;i<o.length;i++)o[i].style.display=\"none\";for(i=0;i<a.length;i++)s=a[i],e.source===s.contentWindow&&(s.removeAttribute(\"style\"),\"height\"===t.message?(1e3<(r=parseInt(t.value,10))?r=1e3:~~r<200&&(r=200),s.height=r):\"link\"===t.message&&(r=new URL(s.getAttribute(\"src\")),n=new URL(t.value),c.test(n.protocol))&&n.host===r.host&&l.activeElement===s&&(d.top.location.href=t.value))}},d.addEventListener(\"message\",d.wp.receiveEmbedMessage,!1),l.addEventListener(\"DOMContentLoaded\",function(){for(var e,t,s=l.querySelectorAll(\"iframe.wp-embedded-content\"),r=0;r<s.length;r++)(t=(e=s[r]).getAttribute(\"data-secret\"))||(t=Math.random().toString(36).substring(2,12),e.src+=\"#?secret=\"+t,e.setAttribute(\"data-secret\",t)),e.contentWindow.postMessage({message:\"ready\",secret:t},\"*\")},!1)))}(window,document);\n\/\/# sourceURL=https:\/\/netbakis.net\/wp-includes\/js\/wp-embed.min.js\n\/* ]]> *\/\n<\/script>","thumbnail_url":"https:\/\/netbakis.net\/wp-content\/uploads\/2023\/07\/thumbs_b_c_176b23542533ed81e2cbdd0d13f1eee5.jpg","thumbnail_width":864,"thumbnail_height":486,"description":"\u0130spanya 1. Futbol Ligi (LaLiga) ekiplerinden Real Madrid&#8217;in ABD&#8217;de kat\u0131laca\u011f\u0131 haz\u0131rl\u0131k turnuvas\u0131n\u0131n kadrosunda, milli futbolcu Arda G\u00fcler&#8217;e de yer verildi. Kul\u00fcpten yap\u0131lan a\u00e7\u0131klamaya g\u00f6re, sezon \u00f6ncesi haz\u0131rl\u0131k turnuvas\u0131na kat\u0131lacak Real Madrid&#8217;de kadro, \u0130talyan teknik direkt\u00f6r Carlo Ancelotti taraf\u0131ndan belirlendi. Real Madrid&#8217;in Fenerbah\u00e7e&#8217;den transfer etti\u011fi ve antrenmanlardaki performans\u0131yla be\u011feni toplayan 18 ya\u015f\u0131ndaki Arda G\u00fcler, ABD&#8217;ye gidecek [&hellip;]"}

Arda Güler, Real Madrid'in ABD'de katılacağı turnuvanın kadrosuna alındı - NETBAKIS

<blockquote class="wp-embedded-content" data-secret="faTUrjau57"><a href="https://netbakis.net/tr/14974/">Arda Güler, Real Madrid&#8217;in ABD&#8217;de katılacağı turnuvanın kadrosuna alındı</a></blockquote><iframe sandbox="allow-scripts" security="restricted" src="https://netbakis.net/tr/14974/embed/#?secret=faTUrjau57" width="600" height="338" title="&#8220;Arda Güler, Real Madrid&#8217;in ABD&#8217;de katılacağı turnuvanın kadrosuna alındı&#8221; &#8212; NETBAKIS" data-secret="faTUrjau57" frameborder="0" marginwidth="0" marginheight="0" scrolling="no" class="wp-embedded-content"></iframe><script type="text/javascript">
/* <![CDATA[ */
/*! This file is auto-generated */
!function(d,l){"use strict";l.querySelector&&d.addEventListener&&"undefined"!=typeof URL&&(d.wp=d.wp||{},d.wp.receiveEmbedMessage||(d.wp.receiveEmbedMessage=function(e){var t=e.data;if((t||t.secret||t.message||t.value)&&!/[^a-zA-Z0-9]/.test(t.secret)){for(var s,r,n,a=l.querySelectorAll('iframe[data-secret="'+t.secret+'"]'),o=l.querySelectorAll('blockquote[data-secret="'+t.secret+'"]'),c=new RegExp("^https?:$","i"),i=0;i<o.length;i++)o[i].style.display="none";for(i=0;i<a.length;i++)s=a[i],e.source===s.contentWindow&&(s.removeAttribute("style"),"height"===t.message?(1e3<(r=parseInt(t.value,10))?r=1e3:~~r<200&&(r=200),s.height=r):"link"===t.message&&(r=new URL(s.getAttribute("src")),n=new URL(t.value),c.test(n.protocol))&&n.host===r.host&&l.activeElement===s&&(d.top.location.href=t.value))}},d.addEventListener("message",d.wp.receiveEmbedMessage,!1),l.addEventListener("DOMContentLoaded",function(){for(var e,t,s=l.querySelectorAll("iframe.wp-embedded-content"),r=0;r<s.length;r++)(t=(e=s[r]).getAttribute("data-secret"))||(t=Math.random().toString(36).substring(2,12),e.src+="#?secret="+t,e.setAttribute("data-secret",t)),e.contentWindow.postMessage({message:"ready",secret:t},"*")},!1)))}(window,document);
//# sourceURL=https://netbakis.net/wp-includes/js/wp-embed.min.js
/* ]]> */
</script>

İspanya 1. Futbol Ligi (LaLiga) ekiplerinden Real Madrid&#8217;in ABD&#8217;de katılacağı hazırlık turnuvasının kadrosunda, milli futbolcu Arda Güler&#8217;e de yer verildi. Kulüpten yapılan açıklamaya göre, sezon öncesi hazırlık turnuvasına katılacak Real Madrid&#8217;de kadro, İtalyan teknik direktör Carlo Ancelotti tarafından belirlendi. Real Madrid&#8217;in Fenerbahçe&#8217;den transfer ettiği ve antrenmanlardaki performansıyla beğeni toplayan 18 yaşındaki Arda Güler, ABD&#8217;ye gidecek [&hellip;]
